ple of 109?
False
Is 85 a factor of 212145443?
False
Is 739 a factor of 14307779?
True
Does 4756 divide 1057145046?
False
Is 28005295 even?
False
Does 2055 divide 106681215?
True
Is 270932947 a multiple of 9?
False
Is 2121 a factor of 669267832?
False
Is 71601698 a multiple of 12?
False
Is 23175174 a multiple of 114?
True
Is 111636557 a multiple of 188?
False
Does 3890 divide 1811007978?
False
Is 6928037 a multiple of 227?
False
Is 33580180 a multiple of 1021?
False
Is 68781116 a multiple of 17?
True
Is 193071637 a multiple of 108?
False
Is 538093257 a multiple of 37?
True
Is 235 a factor of 249038062?
False
Does 617 divide 289277982?
True
Does 10 divide 1016709200?
True
Is 1249912634 a multiple of 2582?
True
Is 18 a factor of 1662147258?
False
Is 32 a factor of 308001056?
True
Does 254 divide 116913406?
True
Is 1418310 a multiple of 918?
True
Does 3727 divide 308377902?
False
Is 47 a factor of 76994131?
True
Is 64871685 a multiple of 155?
True
Is 3227 a factor of 184177798?
True
Is 5 a factor of 706153500?
True
Does 1697 divide 13250176?
True
Is 10721116 a multiple of 16?
False
Is 1481 a factor of 1161746754?
True
Is 22433828 a multiple of 460?
False
Does 9 divide 104062986?
True
Is 265733508 a multiple of 507?
False
Does 179 divide 102509183?
True
Is 195 a factor of 229868554?
False
Is 7120552 a multiple of 136?
True
Does 169 divide 24935274?
True
Is 62555842 a multiple of 70?
False
Is 84252349 a multiple of 10?
False
Is 2271053370 a multiple of 252?
False
Does 220 divide 362525240?
True
Does 62 divide 409386?
True
Is 80850 a multiple of 539?
True
Is 249272075 a multiple of 68?
False
Is 8996660 a multiple of 9?
False
Is 2395 a factor of 198439134?
False
Does 1493 divide 3180858438?
False
Is 1235092607 a multiple of 17?
False
Does 247 divide 4506449792?
True
Is 129829322 a multiple of 142?
True
Is 48 a factor of 112602268?
False
Does 2627 divide 88176937?
False
Does 1066 divide 90777362?
True
Is 24 a factor of 81594648?
True
Does 158 divide 86233398?
True
Is 39535067 a multiple of 17?
False
Is 17150510 a multiple of 26?
True
Does 96 divide 2401299840?
True
Does 2614 divide 3852586392?
True
Is 3261549 a multiple of 12?
False
Is 13167284 a multiple of 26?
True
Does 7 divide 13383606?
False
Does 307 divide 152968276?
True
Is 133 a factor of 18913531?
True
Is 45718568 a multiple of 632?
False
Is 75 a factor of 59781600?
True
Does 32 divide 104147561?
False
Is 32774544 a multiple of 432?
True
Is 17168647 a multiple of 13?
False
Does 261 divide 172014383?
False
Is 6 a factor of 32055527?
False
Is 23 a factor of 28536767?
True
Does 393 divide 31001019?
True
Is 46438029 a multiple of 27?
True
Does 20 divide 117926960?
True
Does 31 divide 169300331?
True
Is 66923701 a multiple of 142?
False
Is 51626928 a multiple of 24?
True
Does 110 divide 21482682?
False
Is 8998 a factor of 1958330452?
False
Does 106 divide 61423396?
True
Is 14032368 a multiple of 8?
True
Is 1211200262 a multiple of 3254?
False
Does 5 divide 658722735?
True
Is 1470668919 a multiple of 68?
False
Is 4 a factor of 9839488?
True
Does 55 divide 13783812?
False
Does 8 divide 26133176?
True
Is 12792379 a multiple of 5?
False
Does 111 divide 145737133?
False
Does 3046 divide 253411970?
True
Does 7145 divide 648024617?
False
Is 75044548 a multiple of 326?
True
Does 5310 divide 788434110?
True
Is 320471084 a multiple of 8106?
False
Is 2461 a factor of 286082018?
False
Does 924 divide 127899156?
True
Is 200946115 a multiple of 3129?
False
Is 51 a factor of 483335725?
False
Is 83 a factor of 50769523?
True
Does 103 divide 477726901?
False
Is 17704414 a multiple of 623?
True
Does 1040 divide 29360240?
True
Is 14 a factor of 1036836599?
False
Does 2 divide 542524229?
False
Is 114 a factor of 32869153?
False
Does 966 divide 1092820344?
True
Is 20 a factor of 22998520?
True
Does 19 divide 244309159?
False
Does 39 divide 1287546?
True
Is 19 a factor of 2385410898?
True
Does 273 divide 123877299?
True
Is 12 a factor of 85931871?
False
Is 2090360 a multiple of 10?
True
Is 471 a factor of 5664382945?
False
Does 911 divide 1190118?
False
Does 463 divide 221750609?
True
Is 9338270 a multiple of 3?
False
Does 23 divide 53849608?
False
Does 269 divide 941344795?
False
Does 46 divide 4825201970?
True
Is 3216 a factor of 726355894?
False
Is 78750602 a multiple of 406?
True
Is 8877760 a multiple of 160?
True
Is 7 a factor of 1307764353?
True
Is 177428100 a multiple of 150?
True
Is 460384297 a multiple of 220?
False
Is 21508200 a multiple of 90?
True
Is 460 a factor of 84116520?
True
Is 1571 a factor of 333211745?
False
Is 1388 a factor of 3640724?
True
Does 38 divide 51397736?
True
Is 118989610 a multiple of 58?
True
Is 56 a factor of 481063809?
False
Is 46698960 a multiple of 722?
True
Is 58 a factor of 1240015582?
True
Does 124 divide 23757532?
True
Is 120 a factor of 40700520?
True
Is 111394417 a multiple of 1516?
False
Is 28661921 a multiple of 11?
False
Does 3265 divide 594490649?
False
Does 79 divide 23395692?
True
Is 320 a factor of 1467718080?
True
Is 4474 a factor of 1611414002?
True
Does 148 divide 409748845?
False
Is 45 a factor of 89231220?
True
Is 617984370 a multiple of 54?
True
Is 35 a factor of 467771385?
False
Does 431 divide 24032081?
False
Is 96 a factor of 1252358208?
True
Is 67638918 a multiple of 863?
False
Is 11 a factor of 60285537?
False
Is 13 a factor of 403525377?
False
Is 148 a factor of 144826436?
True
Is 148107960 a multiple of 1233?
True
Is 11460800 a multiple of 25?
True
Is 394 a factor of 122033620?
True
Is 108700992 a multiple of 102?
True
Is 10614582 a multiple of 18?
True
Is 13 a factor of 1128721896?
False
Does 550 divide 28210425?
False
Is 170669041 a multiple of 93?
False
Is 7 a factor of 5479073?
False
Is 3123582348 a multiple of 53?
True
Is 26551972 a multiple of 3907?
True
Is 129 a factor of 572681?
False
Does 10 divide 1246982880?
True
Is 48024588 a multiple of 4?
True
Does 64 divide 86801149?
False
Is 49256280 even?
True
Is 1109 a factor of 59077804?
False
Is 63738295 a multiple of 535?
True
Does 4 divide 9585624?
True
Is 10356948 a multiple of 84?
True
Is 174286678 a multiple of 13?
False
Is 1516895856 a multiple of 1368?
True
Is 39877670 a multiple of 5?
True
Is 81053672 a multiple of 2399?
False
Is 175015586 a multiple of 214?
False
Is 5 a factor of 864762265?
True
Is 169883562 a multiple of 1774?
True
Is 35192009 a multiple of 787?
False
Is 317 a factor of 124833191?
False
Is 1332587575 a multiple of 8?
False
Does 198 divide 677328253?
False
Does 48 divide 137292630?
False
Is 6 a factor of 4459692?
True
Is 2768 a factor of 17687520?
True
Does 289 divide 12414207?
False
Is 13 a factor of 387602242?
False
Is 9 a factor of 515115878?
False
Is 317 a factor of 1657985446?
True
Is 1114110328 a multiple of 4?
True
Does 219 divide 456003771?
True
Is 797321079 a multiple of 21?
False
Does 78 divide 652174536?
True
Does 31 divide 133350530?
True
Does 6 divide 310253490?
True
Does 4 divide 3760468?
True
Is 43 a factor of 517241453?
True
Does 73 divide 367608652?
False
Does 834 divide 8858748?
True
Does 10 divide 134098800?
True
Does 367 divide 75116826?
True
Does 248 divide 6241768?
False
Is 13 a factor of 23769733?
True
Is 98 a factor of 1982032262?
True
Is 496 a factor of 24888784?
True
Does 44 divide 283355028?
True
Is 6603 a factor of 318152349?
True
Is 22045040 a multiple of 80?
True
Does 6 divide 109626498?
True
Is 40328392 a multiple of 21?
False
Is 201616149 a multiple of 609?
True
Does 92 divide 85374528?
True
Is 8 a factor of 3056849391?
False
Is 16 a factor of 211098320?
True
Does 3450 divide 563634606?
False
Does 208 divide 440535691?
False
Is 3535340 a multiple of 1919?
False
Is 1874791865 a multiple of 603?
False
Is 56632044 a multiple of 1372?
True
Is 564516913 a multiple of 3317?
True
Is 2740 a factor of 204143700?
True
Is 3601009 a multiple of 10?
False
Does 148 divide 645206444?
True
Does 1052 divide 31063456?
True
Is 1683007680 a multiple of 120?
True
Is 35 a factor of 25763674?
False
Is 3314267144 a multiple of 164?
True
Does 28 divide 771706860?
False
Is 8918480 a multiple of 185?
True
Does 32 divide 36548672?
True
Is 94783111 a multiple of 62?
False
Is 4616722 a multiple of 21?
False
Is 162598431 a multiple of 8061?
True
Is 12 a factor of 2101390